(s) = -1 - 2*s**2 + 3 + 3*s**2. Suppose -2*d - 5 + 1 = 0. What is the units digit of g(d)?
6
Let k = -23 + 69. What is the tens digit of k?
4
What is the units digit of ((-4)/6)/(4/(-1014))?
9
Let f(s) = s**2 + s - 1. Let q(b) = -6*b**2 + 6*b - 2. Let a(y) = 5*f(y) + q(y). What is the units digit of a(9)?
1
Let g(z) = -5*z**3 - 2*z - 1. Let r be g(-1). Suppose -p = -2*p - r. What is the units digit of ((-38)/3)/(4/p)?
9
Let y(a) = -a**3 + 7*a**2 - 7*a + 9. Let w be y(6). Suppose k = -2*s + 3*s + 29, 112 = 4*k - w*s. What is the units digit of k?
5
Suppose 2*u = 7 - 1. Suppose u*r = -r + q + 83, -5*q = -3*r + 75. What is the units digit of r?
0
Let b(w) = w. Let t be b(8). Let i = t + -7. What is the units digit of i?
1
Let p(x) = -1 - 9*x**2 - 6*x + 8*x**2 - 3. What is the units digit of p(-5)?
1
Suppose -2 = 3*b + 16. Let j = b - 2. What is the units digit of (j/(-6))/(7/42)?
8
Let w(u) be the second derivative of u**5/20 - 5*u**4/6 + 5*u**3/3 + 3*u**2/2 - u. Let n be w(9). Let a = n + -4. What is the units digit of a?
8
Let h(d) = -3*d + 1. Let k(t) = -4*t. Let z(m) = 3*h(m) - 2*k(m). Let y be z(0). Suppose -y*v = -33 + 3. What is the tens digit of v?
1
Suppose 0 = 4*b - 495 - 309. Suppose 3*i = 7*i - 8, b = 5*v + 3*i. What is the tens digit of v?
3
Let o(p) = 7*p**3 - 3*p + 2. Let k be o(1). Let i = -1 - -4. Suppose i = -d + k. What is the units digit of d?
3
Suppose 0 = -2*f + 6*f - 4*m + 36, -f = -4*m + 18. Suppose 51 + 19 = 5*v - 5*t, -v + 8 = 2*t. Let k = v + f. What is the units digit of k?
6
Suppose 5*l - 1330 = -4*w - w, 258 = l - 3*w. What is the hundreds digit of l?
2
Let c = -2 - -10. Suppose -5*b - a = -29, -4*a + c + 33 = 5*b. What is the units digit of b?
5
Suppose -4*c - t + 4 = 0, 2*t - t + 4 = 0. Suppose c*l + l = 12. What is the units digit of l?
4
Let y(v) = 2 - 2*v - 2 + v + v**2. Let n be y(2). What is the units digit of (3/(-6))/(n/(-4))?
1
Let n(z) = 4*z + 3. Let y be n(-2). Let b be 8/10*y/(-2). Suppose 8 = 2*t + b*t. What is the units digit of t?
2
Suppose 4*l - 231 - 309 = 0. Suppose 2*a + l = 3*m, 2*m + 2*a = 69 + 21. What is the tens digit of m?
4
Let g(d) = -2*d + 7. Let j be -2*(1 - 15/6). Suppose 3*b + 15 = -2*i - 2*i, 0 = j*b + 5*i + 15. What is the units digit of g(b)?
7
Suppose -107 = -5*m + 78. What is the units digit of m?
7
Suppose -27 + 2 = -5*h. Suppose i = -a + h, -7*a + 2*a + 22 = 4*i. Let o = i + 3. What is the units digit of o?
6
Let o = -1 + 1. Let f = 10 + o. What is the units digit of f?
0
Let l(k) = -4*k - 2. Let o be l(2). Let q(y) = y**2 + 10*y + 13. Let s be q(o). Let f = s - 6. What is the units digit of f?
7
Let i be 0/3*(2 + -1). Suppose 4*m - 71 + 15 = i. Suppose d = -d + m. What is the units digit of d?
7
Suppose -9*o + 487 - 10 = 0. What is the tens digit of o?
5
Let h(l) be the third derivative of -l**4/12 - 3*l**3/2 - l**2. What is the tens digit of h(-11)?
1
Suppose 0 = 5*c - 2*c + 3. Let v be c*5*(2 + -3). Suppose -2*f - v = -7*f. What is the units digit of f?
1
Let a = -12 + 2. What is the tens digit of 11 - (4 + 2 + a)?
1
Let t(q) = -3*q**3 - q**2 + 3*q + 3. Let s(l) be the second derivative of l**4/12 + 5*l**3/6 + 2*l**2 + l. Let a be s(-3). What is the units digit of t(a)?
7
Let t(i) be the first derivative of i**3/3 + 3*i - 4. What is the tens digit of t(-6)?
3
Suppose 5*f - 4*b = 17, 2*f + 4 = 3*b - 5*b. What is the units digit of (15/9 - f)*3?
2
Suppose -5*i = 4*b - 330, -3*b = -2*b - 4*i - 93. What is the units digit of b?
5
Let k be (-682)/(-10) + (-2)/10. Suppose 13 = -5*m + k. What is the tens digit of m?
1
Let z(p) = -4*p - 3. Let r be z(-5). Let k = r - 4. What is the units digit of k?
3
Let j(y) = y**3 - 4*y**2 + 5*y - 2. Let c be j(3). Suppose -c*m = m + 5. What is the units digit of (4 - -3)/(m/(-1))?
7
Let n = 17 - 29. Let g = n - -18. What is the units digit of g?
6
Let i(u) = -u**3 + 12*u**2 + 9*u - 11. What is the tens digit of i(10)?
7
Suppose 2*j + 0*m - m = 1, 2*j = -2*m + 10. Let o = j + 0. What is the units digit of (-23)/(-4) + o/8?
6
Let x be (-3)/((-8)/6 + 1). Suppose -5*n = -z - x, 0 = -4*n + z - 4*z + 11. Suppose -s + 21 = n*s. What is the units digit of s?
7
Let x(g) = g**3 + 13*g**2 - 2*g - 15. What is the tens digit of x(-13)?
1
What is the tens digit of 10 + -14 - (-292 + 0 + -2)?
9
Suppose 5*m = 3*m + 4*b - 34, 5*m + 80 = 5*b. Let j(u) = -u**2 - 2*u. Let l be j(0). Let n = l - m. What is the units digit of n?
5
Let c(q) = -q**3 - 5*q**2 + 6*q + 3. Let m = 5 + -11. Let u be c(m). Suppose u = n - 13. What is the units digit of n?
6
Let t(d) = d + 6. Let x be t(-6). Suppose -2*u - 6 = x, b - 11 - 6 = 4*u. What is the units digit of b?
5
Let i(a) = -a - 13. Let v be i(-9). What is the units digit of (10 + v)*(-10)/(-6)?
0
Suppose -3*b + 99 = -129. What is the units digit of b?
6
Let w(x) = 125*x**2 - 1. What is the tens digit of w(1)?
2
Let p(x) = 39*x - 64. What is the tens digit of p(6)?
7
Let d(v) = 2*v**2 - 12*v + 12. Let u be d(8). Suppose -3*m + 57 = -5*w - u, 2*m = 2*w + 62. What is the units digit of m?
7
Let p(w) = -w**3 + 9*w**2 + 4*w + 6. What is the hundreds digit of p(5)?
1
Let y be ((-153)/(-12))/((-3)/(-8)). Suppose y = 3*t + 2*b, -5*t + 37 + 28 = -5*b. What is the tens digit of t?
1
Suppose 3 = -2*n - 3*n - 2*z, 0 = -3*z - 12. What is the units digit of n?
1
Suppose 2*a - 4*n = -a + 37, -4*n = 3*a - 5. Let u(o) = -o**3 + 9*o**2 - 12*o - 2. What is the units digit of u(a)?
2
What is the units digit of ((-184)/12)/((-2)/3)?
3
Suppose 3*d + f = -3 + 45, 0 = -2*d - f + 27. Let o = 37 - d. What is the units digit of o?
2
Let j(c) = -10*c + 4. Let i(u) = 3*u - 1. Let d(m) = 7*i(m) + 2*j(m). What is the units digit of d(1)?
2
What is the tens digit of -12*(114/(-9) - (2 - 2))?
5
Suppose 6*f - f = -65. Let w be 3/(2 - 39/21). Let b = w + f. What is the units digit of b?
8
Let z = -6 + 9. What is the units digit of 2/(-1) + z + 3?
4
Suppose 6 = o - 0*o. Suppose 5*m = 2*m + o. What is the units digit of (m/4)/(1/18)?
9
Let a = -9 + 11. Suppose 0 = g - a*g + 10. What is the units digit of g?
0
Suppose -4*t = 2*h - 120, 3*t = -3*h - t + 172. What is the tens digit of h?
5
Let m = -22 - -72. What is the units digit of m?
0
Let z = -9 + 18. Suppose -4*s = q - 13, 15 = 4*q - z*q. What is the units digit of s?
4
Let q(c) = c**2 - 5*c + 10. What is the tens digit of q(8)?
3
Suppose -5*n = n - 12. What is the units digit of n?
2
Let b(z) = z**3 + 6*z**2 - 7*z - 4. Let i be b(-7). Let g = -11 + 2. Let p = i - g. What is the units digit of p?
5
Let h(a) = 107 - 35 + 0*a - a. Let r be h(0). Suppose -4*m - 12 = -r. What is the units digit of m?
5
Let y = -16 - -10. Let c = y + 30. Suppose 3*f + 3*a = c, -5*f + a + 15 + 1 = 0. What is the units digit of f?
4
Let b = 4 + -6. Let h(j) = 3*j**2 + 2*j + 2. What is the tens digit of h(b)?
1
Let h(y) = 5 - 2 + 4 + y. Let c(l) = -8. Let i(f) = 3*c(f) + 2*h(f). What is the units digit of i(7)?
4
Let u(z) = z + 17. What is the units digit of u(13)?
0
Let b(s) = s**3 + 3. Let y be b(-3). What is the units digit of (-3)/(-3) + (0 - y)?
5
Let h be (-38)/(-6) - 8/(-12). Let i = -2 + h. Suppose -t - g = -4*g - 23, 3*t - 27 = -i*g. What is the tens digit of t?
1
Let s be (3/(-2))/(1/12). Let g = s + 12. Let d = g - -10. What is the units digit of d?
4
What is the units digit of (2/(-8))/((-16)/9664)?
1
Let h be (-14)/(-4)*44/77. Suppose -24 + 82 = h*l. What is the tens digit of l?
2
What is the units digit of (2/6)/(3/18)?
2
Let h(c) = -11*c**2. Let x be 0 + -2 - (-4)/4. Let t be h(x). What is the units digit of 39/33 + 2/t?
1
Suppose -5*s + 22 + 96 = -2*w, 119 = 5*s - w. What is the units digit of s?
4
Suppose 0 = b - 4*b + 3. Suppose 0 = 3*u - 2*u - b. What is the units digit of u?
1
Let r(d) = 3*d - 6. Let p be r(8). Suppose -5*c + p = 3*f, f + 2 = c - 0*f. What is the units digit of c?
3
What is the hundreds digit of (-13 + 4)*(-62)/3?
1
What is the tens digit of 817/8*2 - 12/(-16)?
0
Let s = 20 + -17. Suppose -p - p = -s*n - 1, 0 = 4*p + 5*n - 35. What is the units digit of p?
5
Let z(u) = u**2 - 1. Let i(d) = d - 3. Let w be i(3). Suppose 6*g - 3*g - 3*y - 12 = 0, w = y + 2. What is the units digit of z(g)?
3
Suppose 2*r - 5*q = 649, -2*q = -2*r - 7*q + 659. What is the tens digit of r?
2
Suppose -4 + 2 = -2*r + 